{"id":91,"date":"2012-04-03T18:49:33","date_gmt":"2012-04-03T18:49:33","guid":{"rendered":"http:\/\/www.sirius-werft.de\/RFT\/?page_id=91"},"modified":"2019-08-13T19:34:15","modified_gmt":"2019-08-13T19:34:15","slug":"termine","status":"publish","type":"page","link":"http:\/\/www.roflexs-fahrteam.de\/?page_id=91","title":{"rendered":"Termine"},"content":{"rendered":"<h6>Unsere n\u00e4chsten Erlebnisse finden hier statt:<\/h6>\n<p>21. &#8211; 25.08.2019 &#8211; Deutsche Meisterschaften Viernheim, Hessen<br \/>\n04. &#8211; 08.09.2019 &#8211; CAI** Malm\u00f6 City Driving, Schweden<\/p>\n<h6>14-t\u00e4giges Dressurtraining bei Karen Schnoor (Reitsport)<\/h6>\n<h6>14-t\u00e4giges Springtraining bei Volker Dohm (Reitsport)<\/h6>\n<h6>Regelm\u00e4\u00dfiges Training bei Mareike Harm (Fahrsport)<\/h6>\n<h6><\/h6>\n<p>&nbsp;<\/p>\n","protected":false},"excerpt":{"rendered":"<p>Unsere n\u00e4chsten Erlebnisse finden hier statt: 21. &#8211; 25.08.2019 &#8211; Deutsche Meisterschaften Viernheim, Hessen 04. &#8211; 08.09.2019 &#8211; CAI** Malm\u00f6 City Driving, Schweden 14-t\u00e4giges Dressurtraining bei Karen Schnoor (Reitsport) 14-t\u00e4giges Springtraining bei Volker Dohm (Reitsport) Regelm\u00e4\u00dfiges Training bei Mareike Harm &hellip; <a href=\"http:\/\/www.roflexs-fahrteam.de\/?page_id=91\">Weiterlesen <span class=\"meta-nav\">&rarr;<\/span><\/a><\/p>\n","protected":false},"author":1,"featured_media":0,"parent":17,"menu_order":3,"comment_status":"closed","ping_status":"closed","template":"","meta":{"footnotes":""},"_links":{"self":[{"href":"http:\/\/www.roflexs-fahrteam.de\/index.php?rest_route=\/wp\/v2\/pages\/91"}],"collection":[{"href":"http:\/\/www.roflexs-fahrteam.de\/index.php?rest_route=\/wp\/v2\/pages"}],"about":[{"href":"http:\/\/www.roflexs-fahrteam.de\/index.php?rest_route=\/wp\/v2\/types\/page"}],"author":[{"embeddable":true,"href":"http:\/\/www.roflexs-fahrteam.de\/index.php?rest_route=\/wp\/v2\/users\/1"}],"replies":[{"embeddable":true,"href":"http:\/\/www.roflexs-fahrteam.de\/index.php?rest_route=%2Fwp%2Fv2%2Fcomments&post=91"}],"version-history":[{"count":121,"href":"http:\/\/www.roflexs-fahrteam.de\/index.php?rest_route=\/wp\/v2\/pages\/91\/revisions"}],"predecessor-version":[{"id":2964,"href":"http:\/\/www.roflexs-fahrteam.de\/index.php?rest_route=\/wp\/v2\/pages\/91\/revisions\/2964"}],"up":[{"embeddable":true,"href":"http:\/\/www.roflexs-fahrteam.de\/index.php?rest_route=\/wp\/v2\/pages\/17"}],"wp:attachment":[{"href":"http:\/\/www.roflexs-fahrteam.de\/index.php?rest_route=%2Fwp%2Fv2%2Fmedia&parent=91"}],"curies":[{"name":"wp","href":"https:\/\/api.w.org\/{rel}","templated":true}]}}