{"id":46,"date":"2012-03-31T20:59:41","date_gmt":"2012-03-31T20:59:41","guid":{"rendered":"http:\/\/www.sirius-werft.de\/RFT\/?page_id=46"},"modified":"2014-07-31T07:23:01","modified_gmt":"2014-07-31T07:23:01","slug":"chico-252","status":"publish","type":"page","link":"http:\/\/www.roflexs-fahrteam.de\/?page_id=46","title":{"rendered":"Chico 252 (Pl\u00fcschi)"},"content":{"rendered":"<h6><a href=\"http:\/\/www.roflexs-fahrteam.de\/wp-content\/uploads\/2012\/03\/Chico.jpg\"><img loading=\"lazy\" decoding=\"async\" class=\"aligncenter size-medium wp-image-158\" title=\"Chico\" src=\"http:\/\/www.roflexs-fahrteam.de\/wp-content\/uploads\/2012\/03\/Chico-228x300.jpg\" alt=\"\" width=\"228\" height=\"300\" srcset=\"http:\/\/www.roflexs-fahrteam.de\/wp-content\/uploads\/2012\/03\/Chico-228x300.jpg 228w, http:\/\/www.roflexs-fahrteam.de\/wp-content\/uploads\/2012\/03\/Chico-780x1024.jpg 780w, http:\/\/www.roflexs-fahrteam.de\/wp-content\/uploads\/2012\/03\/Chico.jpg 1702w\" sizes=\"(max-width: 228px) 100vw, 228px\" \/><\/a>Chico kam 2002 &#8211; also heute vor 12 Jahren zu uns. Damals verlor ich meine Holsteiner Stute Vacta, die mein Vater auf unserem Hof gez\u00fcchtet hatte nach einem gemeinsamen Weg von 19 Jahren. Es war schwer und die Box sollte schnell zur Gesellschaft von Soli Boy, dem Pferd meiner Schwester, gef\u00fcllt werden. Von Bekannten wusste ich, dass Chico nicht mehr gebraucht wurde und uns sofort zur Verf\u00fcgung gestellt werden konnte.<\/h6>\n<p style=\"text-align: left;\">So kam er zu uns und nach einiger Zeit ritt ich ihn. Chico hatte am Anfang leider wenig Vertrauen zu mir und unsere ersten Jahre waren nicht immer leicht. Er schwankte zwischen absoluter storrischer Ruhe und Panikattacken. Eigentlich sollte er nur ein paar Wochen bleiben, aber er sein Charme ber\u00fchrte mich mehr und mehr, so dass ich nach 1,5 Jahren zu den Besitzern fuhr und er in meinen Besitz \u00fcberging.<a href=\"http:\/\/www.roflexs-fahrteam.de\/wp-content\/uploads\/2012\/03\/13.08.2006-506.jpg\"><img loading=\"lazy\" decoding=\"async\" class=\"aligncenter size-medium wp-image-160\" title=\"Benefizveranstaltung f\u00fcr Tiere in Not 2007\" src=\"http:\/\/www.roflexs-fahrteam.de\/wp-content\/uploads\/2012\/03\/13.08.2006-506-225x300.jpg\" alt=\"\" width=\"225\" height=\"300\" srcset=\"http:\/\/www.roflexs-fahrteam.de\/wp-content\/uploads\/2012\/03\/13.08.2006-506-225x300.jpg 225w, http:\/\/www.roflexs-fahrteam.de\/wp-content\/uploads\/2012\/03\/13.08.2006-506-768x1024.jpg 768w\" sizes=\"(max-width: 225px) 100vw, 225px\" \/><\/a>Meine Eltern waren entsetzt, denn neben der Tatsache, dass er vom Exterieur nicht gerade dem idealen Reitpferd entsprach, war er zudem auch noch ungekl\u00e4rt taktunrein. Ungekl\u00e4rt? Ich war in zwei verschiedenen Tierkliniken, die beide nichts fanden und ihm lediglich eine Tauglichkeit zum Freizeitpferd attestierten. Egal, ich wollte ihn und sonst keinen! Er hatte mein Herz erobert!<img loading=\"lazy\" decoding=\"async\" class=\"wp-image-159 aligncenter\" title=\"Showreiten Holstenhalle 2010\" src=\"http:\/\/www.roflexs-fahrteam.de\/wp-content\/uploads\/2012\/03\/MG_9257a-300x200.jpg\" alt=\"\" width=\"300\" height=\"200\" srcset=\"http:\/\/www.roflexs-fahrteam.de\/wp-content\/uploads\/2012\/03\/MG_9257a-300x200.jpg 300w, http:\/\/www.roflexs-fahrteam.de\/wp-content\/uploads\/2012\/03\/MG_9257a-1024x682.jpg 1024w, http:\/\/www.roflexs-fahrteam.de\/wp-content\/uploads\/2012\/03\/MG_9257a-449x300.jpg 449w, http:\/\/www.roflexs-fahrteam.de\/wp-content\/uploads\/2012\/03\/MG_9257a.jpg 1600w\" sizes=\"(max-width: 300px) 100vw, 300px\" \/><\/p>\n<p>An den Tagen, an denen es ihm gut ging, fuhren meine Schwester Regina und ich ihn ein und sie besuchte sogar ein, zwei kleinere Turniere, verlor aber wegen der immer wieder auftretenden Lahmheit den Spa\u00df an ihm und ich hatte einfach die Hosen zu voll, um selbst die Leinen in die Hand zu nehmen.<\/p>\n<h6>So ritt ich ihn an seinen &#8222;guten&#8220; Tagen und durch die Versuche ihm von seinem &#8222;Leiden&#8220; zu befreien, schloss ich unheimlich viele interessante Kontakte und erlernte sogar den Tierheilpraktiker. Am Ende therapierten wir ihn mit Hilfe der Hom\u00f6opathie.<\/h6>\n<h6><\/h6>\n<h6><a href=\"http:\/\/www.roflexs-fahrteam.de\/wp-content\/uploads\/2012\/03\/IMG_20501.jpg\"><img loading=\"lazy\" decoding=\"async\" class=\"alignnone  wp-image-183\" title=\"Chico &amp; ich in den Kassler Bergen\" src=\"http:\/\/www.roflexs-fahrteam.de\/wp-content\/uploads\/2012\/03\/IMG_20501-300x225.jpg\" alt=\"\" width=\"271\" height=\"214\" \/><\/a><a href=\"http:\/\/www.roflexs-fahrteam.de\/wp-content\/uploads\/2012\/03\/Bild-0301.jpg\"><img loading=\"lazy\" decoding=\"async\" class=\"alignnone  wp-image-184\" title=\"\u00dcber 1000km entlang der deutsch-deutschen Grenzen mit meinem Chico\" src=\"http:\/\/www.roflexs-fahrteam.de\/wp-content\/uploads\/2012\/03\/Bild-0301-300x225.jpg\" alt=\"\" width=\"274\" height=\"209\" \/><\/a><\/h6>\n<h6>Nun ist Chico seit mehreren Jahren lahmfrei, wir sind mit einer Freundin die Deutsch-Deutsche Grenze von der Ostsee \u00fcber nahezu 1000 km Richtung Tschechien geritten, haben mittlerweile Platzierungen und Siege in der Klasse M im Fahrsport und was das Sch\u00f6nste ist &#8211; er hat mir das Vertrauen zum Fahren gegeben und ich habe ihm das Vertrauen in mich geben k\u00f6nnen.<\/h6>\n<h6><a href=\"http:\/\/www.roflexs-fahrteam.de\/wp-content\/uploads\/2012\/03\/488-016_4520firk.jpg\"><img loading=\"lazy\" decoding=\"async\" class=\"alignnone  wp-image-186\" title=\"Chico in der Dressur\" src=\"http:\/\/www.roflexs-fahrteam.de\/wp-content\/uploads\/2012\/03\/488-016_4520firk-216x300.jpg\" alt=\"\" width=\"216\" height=\"300\" srcset=\"http:\/\/www.roflexs-fahrteam.de\/wp-content\/uploads\/2012\/03\/488-016_4520firk-216x300.jpg 216w, http:\/\/www.roflexs-fahrteam.de\/wp-content\/uploads\/2012\/03\/488-016_4520firk-739x1024.jpg 739w, http:\/\/www.roflexs-fahrteam.de\/wp-content\/uploads\/2012\/03\/488-016_4520firk.jpg 1535w\" sizes=\"(max-width: 216px) 100vw, 216px\" \/><\/a><a href=\"http:\/\/www.roflexs-fahrteam.de\/wp-content\/uploads\/2012\/03\/526-18_55791.jpg\"><img loading=\"lazy\" decoding=\"async\" class=\"alignnone size-medium wp-image-187\" title=\"Chico im Gel\u00e4nde\" src=\"http:\/\/www.roflexs-fahrteam.de\/wp-content\/uploads\/2012\/03\/526-18_55791-216x300.jpg\" alt=\"\" width=\"216\" height=\"300\" srcset=\"http:\/\/www.roflexs-fahrteam.de\/wp-content\/uploads\/2012\/03\/526-18_55791-216x300.jpg 216w, http:\/\/www.roflexs-fahrteam.de\/wp-content\/uploads\/2012\/03\/526-18_55791-739x1024.jpg 739w, http:\/\/www.roflexs-fahrteam.de\/wp-content\/uploads\/2012\/03\/526-18_55791.jpg 1673w\" sizes=\"(max-width: 216px) 100vw, 216px\" \/><\/a><\/h6>\n<h6 style=\"text-align: center;\">Fast t\u00e4glich freue ich mich dar\u00fcber mit ihm an langen Leinen oder Z\u00fcgeln durch den Wald zu traben oder zu galoppieren und ihn nur \u00fcber die Stimme dirigieren zu k\u00f6nnen.<a href=\"http:\/\/www.roflexs-fahrteam.de\/wp-content\/uploads\/2012\/03\/P1140874.jpg\"><img loading=\"lazy\" decoding=\"async\" class=\"aligncenter size-medium wp-image-188\" title=\"...eine typische Trainingsfahrt...\" src=\"http:\/\/www.roflexs-fahrteam.de\/wp-content\/uploads\/2012\/03\/P1140874-300x225.jpg\" alt=\"\" width=\"300\" height=\"225\" srcset=\"http:\/\/www.roflexs-fahrteam.de\/wp-content\/uploads\/2012\/03\/P1140874-300x225.jpg 300w, http:\/\/www.roflexs-fahrteam.de\/wp-content\/uploads\/2012\/03\/P1140874-1024x768.jpg 1024w, http:\/\/www.roflexs-fahrteam.de\/wp-content\/uploads\/2012\/03\/P1140874-400x300.jpg 400w\" sizes=\"(max-width: 300px) 100vw, 300px\" \/><\/a>Dieses Jahr ist Chico (wir nennen ihn liebevoll Pl\u00fcsch) 23 Jahre alt geworden und er ist fitter denn je. Dennoch haben wir uns entschieden, Dich im Juni eine Umschulung zum Kinderg\u00e4rtner machen zu lassen und nun erziehst Du mit Bravour die Junghengste und Jungwallache auf unserem Hof. Ich hoffe, Du geniesst noch viele Jahre in Freiheit auf den unendlichen Wiesen des Hofes und das t\u00e4gliche Spielen.<\/h6>\n<h6 style=\"text-align: center;\">Seit dem Herbst 2013 hat er nun auch noch eine liebevolle Pflegerin, Reiterin und Fahrerin gefunden, die unseren Chico ein wenig Abwechslung im Gel\u00e4nde bietet und sich t\u00e4glich mit Leckereien auf der Weide sehen l\u00e4sst. Danke, liebe Nina!<\/h6>\n<h6 style=\"text-align: center;\"><a href=\"http:\/\/www.roflexs-fahrteam.de\/wp-content\/uploads\/2012\/03\/Speicherkarte-Stand-August-2011-komplett-6232.jpg\"><img loading=\"lazy\" decoding=\"async\" class=\"aligncenter size-medium wp-image-190\" title=\"Chico - unser Oldie\" src=\"http:\/\/www.roflexs-fahrteam.de\/wp-content\/uploads\/2012\/03\/Speicherkarte-Stand-August-2011-komplett-6232-300x199.jpg\" alt=\"\" width=\"300\" height=\"199\" srcset=\"http:\/\/www.roflexs-fahrteam.de\/wp-content\/uploads\/2012\/03\/Speicherkarte-Stand-August-2011-komplett-6232-300x199.jpg 300w, http:\/\/www.roflexs-fahrteam.de\/wp-content\/uploads\/2012\/03\/Speicherkarte-Stand-August-2011-komplett-6232-450x300.jpg 450w, http:\/\/www.roflexs-fahrteam.de\/wp-content\/uploads\/2012\/03\/Speicherkarte-Stand-August-2011-komplett-6232.jpg 1024w\" sizes=\"(max-width: 300px) 100vw, 300px\" \/><\/a>Chico, Du bist ein Pferd, welches man mit dem Herzen sehen muss und ich bin f\u00fcr jeden Tag mit Dir dankbar!<\/h6>\n","protected":false},"excerpt":{"rendered":"<p>Chico kam 2002 &#8211; also heute vor 12 Jahren zu uns. Damals verlor ich meine Holsteiner Stute Vacta, die mein Vater auf unserem Hof gez\u00fcchtet hatte nach einem gemeinsamen Weg von 19 Jahren. Es war schwer und die Box sollte &hellip; <a href=\"http:\/\/www.roflexs-fahrteam.de\/?page_id=46\">Weiterlesen <span class=\"meta-nav\">&rarr;<\/span><\/a><\/p>\n","protected":false},"author":1,"featured_media":0,"parent":15,"menu_order":0,"comment_status":"closed","ping_status":"closed","template":"","meta":{"footnotes":""},"_links":{"self":[{"href":"http:\/\/www.roflexs-fahrteam.de\/index.php?rest_route=\/wp\/v2\/pages\/46"}],"collection":[{"href":"http:\/\/www.roflexs-fahrteam.de\/index.php?rest_route=\/wp\/v2\/pages"}],"about":[{"href":"http:\/\/www.roflexs-fahrteam.de\/index.php?rest_route=\/wp\/v2\/types\/page"}],"author":[{"embeddable":true,"href":"http:\/\/www.roflexs-fahrteam.de\/index.php?rest_route=\/wp\/v2\/users\/1"}],"replies":[{"embeddable":true,"href":"http:\/\/www.roflexs-fahrteam.de\/index.php?rest_route=%2Fwp%2Fv2%2Fcomments&post=46"}],"version-history":[{"count":16,"href":"http:\/\/www.roflexs-fahrteam.de\/index.php?rest_route=\/wp\/v2\/pages\/46\/revisions"}],"predecessor-version":[{"id":992,"href":"http:\/\/www.roflexs-fahrteam.de\/index.php?rest_route=\/wp\/v2\/pages\/46\/revisions\/992"}],"up":[{"embeddable":true,"href":"http:\/\/www.roflexs-fahrteam.de\/index.php?rest_route=\/wp\/v2\/pages\/15"}],"wp:attachment":[{"href":"http:\/\/www.roflexs-fahrteam.de\/index.php?rest_route=%2Fwp%2Fv2%2Fmedia&parent=46"}],"curies":[{"name":"wp","href":"https:\/\/api.w.org\/{rel}","templated":true}]}}